5*x**4/24 + x**3 - 3*x**2. Let w be s(-4). Suppose o = -w*o + 6. What is the remainder when o is divided by 1?
0
Calculate the remainder when 33 is divided by ((-4)/(-6) - (-14)/(-12))*-38.
14
Let p = 6 - -10. Let x = 3 - -6. Calculate the remainder when p is divided by x.
7
Let s(j) be the first derivative of -j**3/3 - 11*j**2/2 - 9*j - 3. What is the remainder when s(-7) is divided by ((-1)/2)/((-2)/28)?
5
Calculate the remainder when (-718)/(-4) - (1/2 + -1) is divided by 61.
58
Let z(x) = x**3 + 6*x**2 + 3*x - 4. Suppose -4*d = -f + 17, f + 4 = -2*d - 3*f. Let q be z(d). What is the remainder when (-154)/(-8) - 4/q is divided by 10?
9
Let t be 1*5*(-8)/(-10). Suppose 3*d + t = 5*d. Suppose 5*y - 10 = d*g + 5, 5*g = 4*y - 29. Calculate the remainder when 1 is divided by y.
0
Let s = 7 + -1. What is the remainder when 16 is divided by 0/5 + 1*s?
4
Suppose 2*b + 3*b = 120. What is the remainder when 70 is divided by b?
22
Let h(j) = 3*j + 14. What is the remainder when h(9) is divided by 6?
5
Suppose 48 - 6 = 2*g. Calculate the remainder when 34 is divided by g.
13
Let w = 116 - -47. Let m = -93 + w. What is the remainder when m is divided by 18?
16
Suppose 20 + 73 = 3*x. What is the remainder when 121 is divided by x?
28
Let b(m) = 15*m - 5. Let q be b(5). Suppose 2*r - y - 48 = 0, 3*r - 2*y = -0*y + q. What is the remainder when 101 is divided by r?
23
Suppose 3*p - 1 + 7 = 0. Let i be p*15/(-6) - 0. Let d(b) = 2*b - 7. Calculate the remainder when 5 is divided by d(i).
2
Let v(o) = 2*o + 1. Let l be v(2). Suppose 4*y = l*y - 4. Suppose y*n + 60 = 6*n. Calculate the remainder when n is divided by 16.
14
Suppose -3 - 5 = 4*q. Let p = 10 - q. Calculate the remainder when 35 is divided by p.
11
Let b = 77 + -60. Calculate the remainder when 53 is divided by b.
2
Let j(o) = -o**2 - 8*o - 2. Let g be j(-7). Suppose 3*l - g = -2*l. What is the remainder when 2 is divided by l?
0
Let v = 19 + 25. Let h(y) = 2*y**2 - y - 1. Let o be h(-1). Suppose 15 = o*w - 15. What is the remainder when v is divided by w?
14
Let b = 1 + 8. Let s(x) = 2*x**2 + 8*x + 2. Calculate the remainder when s(-6) is divided by b.
8
Let g = -135 - -147. Suppose 4*m = -0*m - 12, -4*s = -4*m - 40. Calculate the remainder when g is divided by s.
5
Calculate the remainder when (-53 - -56)/((-1)/((-7)/3)) is divided by 1.
0
Let z = 48 + -35. Calculate the remainder when z is divided by 5.
3
Suppose 3*k + 2*k = 0. Suppose -4*i + 40 = 3*l - 7, 4*l - 4*i - 100 = k. Suppose 0*m = 3*m - l. What is the remainder when m is divided by 3?
1
Let i = 18 - 32. Let c = i + 23. Calculate the remainder when 34 is divided by c.
7
Let u(q) = q**3 - 6*q**2 - 3*q + 2. Let j be u(-4). Let h = -21 - j. What is the remainder when h is divided by 32?
29
What is the remainder when 132/21 + (-2)/7 is divided by (-2)/(-6) - (-22)/6?
2
Suppose -3 = 2*y + 5*t, 2*y + t + 15 = -2*y. Let o = 8 + y. Suppose 3*k - 2 = -2*z + 15, 5*z - 25 = -5*k. What is the remainder when k is divided by o?
3
What is the remainder when (10/(-15) - -1)*261 is divided by 22?
21
Suppose 2*b - z + 2*z = 45, b + z = 25. Let n be 3/(-5) - (-78)/5. Let w = -4 + n. What is the remainder when b is divided by w?
9
Let p(j) = j**3 - 3*j**2 + 3*j - 3. Suppose 2*f - 24 = -4. Calculate the remainder when f is divided by p(3).
4
Let s(t) = -t - 5*t**2 - t - 4 + 8*t + t**3. Let k be s(4). Suppose -6*r + 4*r + 17 = -o, -r + k*o = -19. What is the remainder when 13 is divided by r?
6
Let s(r) = -r**3 + r**2 + 10. Suppose -158 = -4*a - 2*o, -56 = -3*a - o + 60. Calculate the remainder when a is divided by s(0).
7
Let d be 638/6 + (-1)/3. Suppose -s - s = -d. Calculate the remainder when 21 is divided by (-2)/(-5) - s/(-5).
10
Let s = 24 + -11. Suppose -3*y + 56 = 44. What is the remainder when s is divided by y?
1
Suppose -25*v + 24*v + 9 = 0. Calculate the remainder when v is divided by 48/9 + (-1)/3.
4
Let w(g) = 42*g**2 - 2*g + 1. Suppose 3*k - 26 = 4*o, 0 = 5*o - o - 16. What is the remainder when w(1) is divided by k?
13
Suppose -3*o + 4 = -2*o + r, -3*r = 9. What is the remainder when 24 is divided by o?
3
Suppose 3*v - 217 = 17. Calculate the remainder when v is divided by 27.
24
Suppose 0 = -3*c + c + 194. Calculate the remainder when c is divided by 25.
22
Let p be (-20)/(-16) + 1/(-4). Let k be (3 + 1)/2 - p. Calculate the remainder when ((-27)/(-2))/(k/2) is divided by 15.
12
Let u(h) be the third derivative of 7*h**4/24 - 5*h**3/6 + 2*h**2. Let s = -11 + 17. Calculate the remainder when u(s) is divided by 13.
11
Let z(a) = -2*a + 5. What is the remainder when z(-8) is divided by 8?
5
Suppose -2*x = -0*x - 22. Calculate the remainder when (8/2)/((-1)/(-5)) is divided by x.
9
Let z be (4/6)/(2/12). Let h be (-6)/(-3)*z/2. Suppose 2*d = -0*d + 2*o + 8, 17 = 5*d - h*o. Calculate the remainder when 2 is divided by d.
0
Suppose -2*n - 2*n = 0. What is the remainder when 7 is divided by 2 - n - (1 - 2)?
1
Suppose 4*r + 12 = 0, 0*r + 3*r = 4*d - 201. Calculate the remainder when 188 is divided by d.
44
Let g(n) = -n**3 - 3 + 4*n + 13 - 3*n + 0*n**3. Calculate the remainder when 29 is divided by g(0).
9
Suppose -4*n + 14 = -5*n. Let p = 9 - n. What is the remainder when p is divided by 13?
10
Suppose -3*y = -0*y + 87. Let h = -11 - y. Suppose 0 = -n + 24 + 29. Calculate the remainder when n is divided by h.
17
Suppose 2*h + 5 = 3*q, h + 15 = -h + 5*q. Suppose o - z + 8 = z, -3*o + h*z = 24. Let k(a) = a**2 + 7*a - 4. Calculate the remainder when k(o) is divided by 3.
1
Let p = 19 + -10. Let q = 26 + -9. Calculate the remainder when q is divided by p.
8
Let b(n) = 26 - 4*n**2 + 11*n - 12*n + 13 + 5*n**2. What is the remainder when b(0) is divided by 10?
9
Suppose 3*l + g - 70 = 0, 6*l - 3*g - 54 = 3*l. Calculate the remainder when 151 is divided by l.
19
Let h(m) = m + 1. Let v be h(-5). Let x = v + 11. What is the remainder when x is divided by (-6)/9 - 42/(-9)?
3
What is the remainder when (-1 - 0)/(9/(-81)) is divided by 7?
2
Suppose 0 = -9*r + 3*r + 372. Calculate the remainder when r is divided by 33.
29
Suppose -4*b = 5*d - 43, -2*b = -d + 2 + 15. Let s(l) = -8*l - 3. Calculate the remainder when s(-3) is divided by d.
10
Calculate the remainder when 67 is divided by 24 + (-3 - (-2 - 0)).
21
Suppose -3*w - m - 45 - 66 = 0, -3*m = 2*w + 74. Let t = w + 59. Let n(s) = -s**2 - 6*s + 3. Calculate the remainder when t is divided by n(-5).
6
Suppose 0 = -c - 2*c + 9. Suppose c*x + x - 3*j = 3, -x - 6 = -3*j. What is the remainder when 11 is divided by (2 - 1)/(x/21)?
4
Let t(a) = -7*a - 1. What is the remainder when 21 is divided by t(-1)?
3
Let k(x) = 5*x**2 - 3*x - 2. Let c be k(3). Suppose -3*f = 4*l - c - 30, -4*f = -2*l + 54. What is the remainder when 73 is divided by l?
16
Let r(t) = -t**3 + 2*t**2 + 2*t - 1. Let c(f) = f**2 - 3*f - 6. Let g be c(6). Calculate the remainder when r(-3) is divided by 120/9 - 4/g.
12
Suppose 0 = 2*g - 0*g - 174. Let x = g - 59. Suppose 3*z - 2*p - 30 = 0, 12*z - 2*p = 17*z - 50. Calculate the remainder when x is divided by z.
8
Calculate the remainder when (-2)/(-3)*6/(-4) - -216 is divided by 18.
17
Let d(f) = 9*f**2 + 5*f - 5. Let p(g) = -g**3 + 5*g**2 + 2*g - 5. Calculate the remainder when d(1) is divided by p(5).
4
Let j(y) = 2*y + 1. Let p = 11 + -17. Let z be (4/3)/(p/(-9)). What is the remainder when 18 is divided by j(z)?
3
What is the remainder when 14 - (-1056)/(-77) - 808/(-14) is divided by 1/(-3) + (-138)/(-9)?
13
Let s = 102 - 70. Suppose 5*i + 4*a - 22 = 3*i, -i + 11 = -2*a. Calculate the remainder when s is divided by i.
10
Let b(g) = g**3 - 5*g**2 + 5*g + 1. What is the remainder when 9 is divided by b(4)?
4
Let d(m) = -6*m - 3. Let q be d(-3). Suppose -5*z + 145 = q. What is the remainder when 77 is divided by z?
25
Let r be 2/9 - 2073/(-27). Suppose -2*t + h = -53, 2*h = 3*t - 0*h - r. Calculate the remainder when t is divided by 8.
5
Suppose 4*s - s - 120 = 0. What is the remainder when s is divided by ((-8)/12)/(1/(-21))?
12
Calculate the remainder when 250 + 0 + (3 + -21)/9 is divided by 36.
32
Suppose -2*t + 32 = -94. Calculate the remainder when t is divided by 32.
31
Let f = 16 - 3. Calculate the remainder when 88 is divided by f.
10
Let f be (2/((-4)/(-6)))/(-1). Calculate the